 - 1/2*u**3. What is t(o)?
-10
Let i(d) = -18*d**2 + 1. Let j be (-36)/54*(-48)/4. Let k be 3 + j/(4 + -8). What is i(k)?
-17
Let l(d) = -3 - 13 - d + 30 - 8. Determine l(10).
-4
Let b(d) be the second derivative of 5*d**4/12 - d**3/6 - d**2 - d. Let j(u) = -117*u + 5147. Let w be j(44). Calculate b(w).
4
Let w be (-2 - -12)*(-6 + 198/30). Let m(f) be the second derivative of -f**3/6 + f**2 - 8*f. What is m(w)?
-4
Let v(x) be the second derivative of -x**5/20 - x**4/2 - 7*x**3/6 - 2*x**2 - x. Suppose 120*t + 558 = 97 - 139. Give v(t).
6
Let l(f) = 90*f + 915. Let n(j) = -77. Let a(o) = -l(o) - 20*n(o). Calculate a(7).
-5
Suppose -3*x = -5*c - 32, 5*x - 22*c = -26*c + 4. Let m(g) = -149*g**2 + 4 + 153*g**2 - x*g - 3*g**3 + 2*g**3. What is m(4)?
-12
Suppose -9*m - 178 - 74 = 0. Let u be (1 - 26/(-7)) + (-8)/m. Suppose 0 = u*y + 30 - 0. Let l(r) = -r - 5. What is l(y)?
1
Let u(b) be the third derivative of 3*b**4/4 + 5*b**3/6 + 3803*b**2. Calculate u(-4).
-67
Let a(x) = -x**3 + x + 2. Let r be a(2). Let m(i) = 7*i - i**3 + 1 - 30*i - 5*i**2 + 21*i - 1. What is m(r)?
-8
Let o(w) = -5*w - 3*w + 192 - 194. Calculate o(2).
-18
Let b(v) = 2*v**3 - v**2 + v + 2. Let f(c) = -5*c**3 + 12*c**2 + 13*c - 12. Let u(i) = 3*b(i) + f(i). Give u(-5).
14
Let f(i) = 24*i + 24 - 2*i**2 + 29*i - 60*i + 0*i**2 + 24*i. Calculate f(11).
-31
Let z(i) = 9*i + 10. Suppose 4*p = 4*m + 8, 0 = -6*p + 25*m - 20*m + 9. What is z(p)?
1
Suppose 3*n - 12 = n. Let m(u) = 3*u - 5. Let w be m(11). Let j(v) = -w*v - n + v**3 + 0*v**3 + 7*v**2 + 33*v. Give j(-6).
0
Let z = -55 + 77. Suppose 18 = 5*l - z. Let w(n) = 0*n - 20*n**2 + l*n - 7*n. Determine w(-1).
-21
Let t(g) = -3*g - 12. Let q(d) = 8*d**2 - 5*d + 352 - 339 + d**3 + 2*d**2 + 16*d. Let o be q(-9). Determine t(o).
3
Let n(k) = -661 + k**3 + 19*k**2 + 666 - 13*k**2 + 10*k**2 + 55*k. Let r be n(-11). Let g(b) = b**2 - 2*b - 1. Calculate g(r).
14
Let a(b) be the second derivative of b**6/24 + b**5/30 - b**3/6 + 9*b**2 + 59*b - 2. Let r(i) be the first derivative of a(i). Calculate r(-1).
-4
Let p(w) = 2*w**2 - 10*w - 4. Let d be p(11). Suppose 23 - d = -21*x. Let k(g) = g**3 - 4*g**2 - 4*g + 4. Determine k(x).
9
Let a(t) be the third derivative of t**7/840 + t**6/40 + t**5/60 + t**4/6 - 49*t**3/6 - 166*t**2. Let x(i) be the first derivative of a(i). Give x(-9).
-14
Let a(u) = -2*u**2 + 13*u - 12. Let k be a(5). Suppose -2*c - 4*z = -74, 5*c - 105 = 2*c - k*z. Let w(r) = 4*r + 16 - r**2 - c + 18. Determine w(2).
5
Let y(c) = -684*c + 10484 + 705*c - c**2 - 10371. Determine y(-4).
13
Let o(b) be the second derivative of -22*b**2 - 4/3*b**3 - 5*b - 2. Let h be o(-6). Let s(a) = a**2 - 6*a - 4. Calculate s(h).
-12
Let t(r) = 43*r**3 - 21*r**3 - 45*r**2 + 20*r + 46*r**2 - 23*r**3. Give t(5).
0
Let a(p) = -17*p**2 + 9*p**2 + 3*p**3 - 2612*p - 4 + 2616*p. What is a(3)?
17
Let q be (-1600)/(-224) - ((-1)/7)/(-1). Let u be (-6 - 150/(-35))/((-2)/q). Let v(d) = -3 + d + u - 4. Calculate v(4).
3
Let n be (-73)/3*(1 + 2). Let r = n + 68. Let o(l) = 2 + 15*l - 16*l - 8. Calculate o(r).
-1
Let x(b) = b**3 - b - 1. Suppose 15 = 7*t - 6. Let j(y) = y**2 + t + 13 - 3*y**3 + y + 0. Let n(w) = -j(w) - 2*x(w). Calculate n(0).
-14
Suppose 2341 - 1011 + 1863 = -103*k. Let i(q) = -q**3 - 30*q**2 + 32*q + 27. Determine i(k).
-4
Let v(s) = -s + 1. Let i = -270 - -283. Suppose -4*t - 72 = -i*t. Determine v(t).
-7
Let l(a) = -a**2 - a - 116. Let d = 11963 + -11963. Determine l(d).
-116
Let n(i) = 3*i**2 + 16*i + 11. Let x be n(-5). Suppose 0 = -3*r + 5*r - 4. Let d(g) = 3*g + 2 - 4 + r. Give d(x).
18
Let p(l) be the second derivative of l**3/6 - 5*l**2/2 + 2980*l. Let a = -40 + 46. Give p(a).
1
Suppose -409 + 381 = -14*c. Let n(p) = 20*p**2 - p**3 - 23*p**c - 5*p**2 + 2 + 10*p. What is n(-9)?
-7
Let i(c) = 3*c**2 - 2*c**2 - 7 + 6 - 2*c - 3*c**2 + 3 + 0. Suppose 0 = 2*o + 5*a - 15, -2*o + 3*a = a + 6. Calculate i(o).
2
Let g = -17 - -22. Let f(c) = 7*c - 6 + c**2 - c + g*c - 2*c. Let v(i) = i**3 + 39*i**2 - 9*i - 360. Let k be v(-39). Determine f(k).
-6
Let a(r) = 3*r**3 - 11*r**2 + 2*r - 20. Let p be a(4). Suppose -4*q - 5*u = 36, 12 = -p*q + u - 24. Let v(d) = -2*d - 3*d**2 + 12*d + 4*d**2 + 8. Give v(q).
-1
Let i(n) = -19*n - 358. Let j(a) = -9*a - 170. Let z(t) = -4*i(t) + 9*j(t). Determine z(-20).
2
Let g(r) = r**3 + r + 1. Let y(v) = 6*v**3 - 9*v**2 + 13*v + 9. Let l(s) = 5*g(s) - y(s). Let b be l(8). Let a(j) = -6*j - 5. Calculate a(b).
19
Let f(w) be the first derivative of -w**2/2 + 10*w - 450. Give f(7).
3
Let j(z) = -8*z**2 - 26 + z**3 - 8*z**2 + 54*z - 33 - 87*z + 7. What is j(18)?
2
Let y(b) be the second derivative of -b**3/3 - 15*b**2/2 - 8*b. Let x = -177 + 167. Calculate y(x).
5
Let m(h) = -10*h**3 + 23*h**2 + 7*h - 7. Let b(d) = 18*d**3 - 42*d**2 - 14*d + 14. Let l(g) = 6*b(g) + 11*m(g). Determine l(2).
-19
Let d = -287 - -296. Let q(b) = -d - 17*b - 20*b + 38*b. Give q(6).
-3
Let v(z) = -z**3 - 5*z**2 + 7*z. Suppose -6 = -4*f + 5*f. Let r be v(f). Let l(g) = g - 1. Let p(y) = -3*y + 1. Let t(w) = -2*l(w) - p(w). Give t(r).
-5
Suppose 6*t - 15 = 21. Let m(z) = -7*z**3 + 14*z**2 - 7*z + 22. Let p(r) = -20*r**3 + 41*r**2 - 22*r + 64. Let s(v) = t*p(v) - 17*m(v). Calculate s(6).
4
Let z = -478 + 490. Let q be ((-1)/1)/(2/(z/1)). Let o(w) = -w**3 - 5*w**2 + 6*w - 8. Give o(q).
-8
Let q(g) = -g**2 - 3*g + 4. Let h(n) be the first derivative of -7*n**2/2 + 109*n - 49. Let z be h(16). Determine q(z).
4
Suppose 0 = 2*y + 5*b - 5 - 1, 0 = 4*y - 4*b - 40. Let h be ((-18)/y)/((-44)/32 - -1). Let k(d) = -d. Determine k(h).
-6
Suppose 5 - 29 = -12*d. Let q(t) = -119*t**2 - 124*t**d + 244*t**2. Calculate q(-1).
1
Let s(p) = 9*p**2 + 6*p - 7. Let c(g) = 191*g**2 - 1145*g - 3. Let k be c(6). Calculate s(k).
92
Let f(o) be the first derivative of -o**3 - o**2/2 - o + 2. Suppose -j + 228 = 29*j + 168. Give f(j).
-15
Let i(b) = 1 + 193*b - 390*b + 195*b + 7. Suppose 4*g + 8 = 5*x, x - 3 = g - 2. Determine i(g).
2
Suppose -34*i + 314 = -32*i. Let g = i + -148. Let y(o) = 2*o - 2. Give y(g).
16
Let y(w) = -2*w + 3. Let m(i) = -i**2 + 3*i + 8. Let f be m(5). Let l be 71/71 - 1*f. Determine y(l).
-3
Suppose -24 = -4*s - 142*k + 147*k, 2*k = 2*s - 16. Let a(d) = d**2 - 21*d + 84. Determine a(s).
4
Let y(t) be the second derivative of 4*t**3/3 - 40*t**2 - 2019*t. Determine y(11).
8
Suppose 4*j = 2*c - 14, -j + 3*c + 179 = 170. Let n(y) = -2*y**2 - 15*y - 40. Determine n(j).
-22
Let a(r) = -8 - 22 - 9*r + 47 + 12*r - 5*r. Calculate a(12).
-7
Suppose -33*m + 29*m = 96. Let o be (2 - -1)*88/m. Let s(p) = -p**3 - 10*p**2 + 12*p + 13. Calculate s(o).
2
Suppose 0 = -4*w + 5*x + 10 - 4, -3*x - 6 = -3*w. Let u(h) = h - 1. Let z be u(w). Let l(r) = 0 + 3 + r - z. What is l(4)?
4
Let n(s) = -2*s - 56. Let w(p) = 3*p + 55. Let z(l) = -4*n(l) - 3*w(l). Determine z(15).
44
Let v(q) = -2*q**2 + 21*q - 57. Let n = -129 - -135. Let o be v(n). Let z(l) = l**2 + l + 3. What is z(o)?
9
Let p(m) be the second derivative of -m**7/2520 - m**6/360 + m**5/24 - 2*m**4/3 + m**2 - 20*m. Let s(f) be the third derivative of p(f). Calculate s(-4).
-3
Let t(s) = -s**3 + 22*s**2 - 20*s - 21. Let m(n) = 2*n**2 + 5*n + 18. Let f(c) = -5*c**2 - 10*c - 35. Let y(o) = 3*f(o) + 7*m(o). Let d be y(0). Calculate t(d).
0
Let r(z) = -49*z + 133. Let g be r(3). Let i(f) = -15*f - 211. Let a be i(g). Let s(u) = -14*u + 2. Calculate s(a).
16
Let x(w) be the third derivative of -w**2 + 0 + 10*w - 7/3*w**3 - 1/24*w**4. Determine x(-11).
-3
Let n(t) = 143*t**2 - 284*t - 1. Let g be n(2). Let p(x) = -4*x**3 + 6. What is p(g)?
-102
Let s be (-2 - 222/(-10)) + 99/(-495). Let i(q) = 5*q - 149. What is i(s)?
-49
Let k(j) = 3*j + 9. Let p(t) = -5*t - 18. Let n(q) = -q**2 + 2. Let u = 57 - 54. Let f be n(u). Let d(v) = f*k(v) - 4*p(v). Determine d(5).
4
Let l(t) = -t**3 + 26*t**2 + t - 38. Suppose 3*v + 3*b - 81 = 0, 2*v - b - 62 = -11. Calculate l(v).
-12
Let x(l) = -7*l + 9. Let f(y) = 282*y - 7046. Let o be f(25). What is x(o)?
-19
Let i(s) = -567 + 1517*s + 619 - 1520*s. Determine i(12).
16
Suppose 2*c = -34*c + 36288. Let n = c + -1015. Let s(o) = 2*o**3 + 13*o**2 - 9*o - 7. Determine s(n).
7
Let y = 75 + -71. Let q(n) be the third derivative of -n**5/120 - n**4/8 + 2*n**3/3 - 9*n**2. Let i(l) be the first